et v(m) = -5*m**2 + 23*m + 271. What is v(10)?
1
Let y(n) = n**2 + 4*n + 5. Calculate y(-6).
17
Let j(w) = w**3 + 10*w**2 - 11. Calculate j(-10).
-11
Let h(t) = -2*t**2 + 3*t - 2. Determine h(6).
-56
Let w(x) = x**2 + 6*x - 6. What is w(-5)?
-11
Let i(b) = 7*b - 15. What is i(4)?
13
Let c(u) = -11*u**3 + u**2 + 3*u - 1. What is c(2)?
-79
Let t(b) = -b**3 - 16*b - 68. What is t(-3)?
7
Let d(h) = -3*h**2 - 34*h + 31. Determine d(-12).
7
Let j(n) = -11*n + 5. What is j(6)?
-61
Let x(d) = -7*d**2 - 75*d + 21. What is x(-11)?
-1
Let l(n) = n + 11. Determine l(-12).
-1
Let f(s) = s**2 - 1. What is f(-2)?
3
Let z(d) = -d**3 + 2*d**2 + d + 4. What is z(3)?
-2
Let r(w) = -32*w - 286. Give r(-9).
2
Let m(d) = -9*d**2 - 44*d + 43. Calculate m(1).
-10
Let h(o) = 6*o + 95. Determine h(-16).
-1
Let u(f) = 2*f + 1. Determine u(-4).
-7
Let l(o) = o**2 - 12*o + 25. Calculate l(9).
-2
Let v(r) = r**3 + 8*r**2 + 4*r + 8. What is v(-8)?
-24
Let f(q) = 3*q - 37. Determine f(12).
-1
Let p(v) = 16*v**2 - 2. What is p(-1)?
14
Let t(h) = 19*h - 34. Give t(2).
4
Let i(q) = 8*q - 47. Give i(6).
1
Let i(h) = 4*h - 8. Determine i(9).
28
Let w(x) = -3*x + 17. Give w(8).
-7
Let i(d) = d**3 - 15*d**2 + 12*d. Give i(14).
-28
Let k(y) = -5*y + 1. Calculate k(-1).
6
Let t(u) = -u**2 - 6*u + 4. Give t(4).
-36
Let b(z) = -z**3 + 5*z**2 + 36*z + 1. What is b(9)?
1
Let u(b) = 2*b**2 - 77*b - 13. Determine u(39).
26
Let p(u) = u - 1. Determine p(9).
8
Let k(j) = j**2 - 4*j + 7. Determine k(6).
19
Let f(u) = 2*u**2 + u + 15. What is f(0)?
15
Let a(m) = m**2 + 9*m - 261. Give a(-21).
-9
Let s(v) = 3*v**2 + 14*v - 9. Give s(-5).
-4
Let r(w) = -5*w**3 + 2*w**2 + 3*w - 3. Determine r(2).
-29
Let w(m) = m**2 + m - 11. What is w(3)?
1
Let k(f) = -f**2 + 5*f - 4. What is k(-3)?
-28
Let q(w) = w + 59. Calculate q(-15).
44
Let v(y) = y**2 - y + 28. Determine v(0).
28
Let z(n) = n**3 + 9*n**2 + 8*n - 3. Give z(-8).
-3
Let n(q) = q**3 - 4*q**2 + 5*q - 47. Calculate n(5).
3
Let r(c) = c**2 + 11*c - 14. Give r(-11).
-14
Let z(x) = 3*x + 43. What is z(-10)?
13
Let r(j) = j**2 - 5*j + 25. Calculate r(10).
75
Let m(w) = 6*w**2 - 7*w - 38. Give m(-5).
147
Let u(x) = 2*x**2 + 87*x + 41. Give u(-43).
-2
Let v(x) = -x**2 - 6*x. Determine v(-6).
0
Let w(m) = m**3 - 12*m**2 + 15*m - 14. Calculate w(11).
30
Let m(q) = q**2 - 16*q - 3. Determine m(9).
-66
Let g(t) = -t**3 + t**2 + t - 1. Determine g(-2).
9
Let t(i) = -6*i**3 - 3*i**2 - 3*i - 3. Determine t(-1).
3
Let c(r) = -3*r + 59. Give c(18).
5
Let q(b) = 4*b - 4. Give q(3).
8
Let r(s) = 20*s + 191. Calculate r(-10).
-9
Let b(q) = -q**3 + 6*q**2 + 2*q - 1. What is b(6)?
11
Let m(y) = y**2 - 7*y + 9. What is m(6)?
3
Let v(g) = 12*g + 82. Calculate v(-14).
-86
Let g(h) = 5*h**3 - 3*h + 2. Give g(1).
4
Let s(j) = 5*j**2 - 57*j + 27. Determine s(11).
5
Let l(a) = -48*a + 624. Calculate l(13).
0
Let i(x) = -x**2 - 8. Calculate i(0).
-8
Let q(x) = x - 4. Determine q(6).
2
Let a(i) = i**2 + 19*i - 333. What is a(11)?
-3
Let q(h) = -2*h**3 + h - 11. Determine q(0).
-11
Let n(z) = -41*z**3 + z**2 - z + 1. Give n(1).
-40
Let s(g) = -g**2 + 26*g + 415. Determine s(-11).
8
Let v(j) = -j**2 - 6*j + 30. Calculate v(-9).
3
Let a(j) = -4*j + 73. Determine a(21).
-11
Let b(r) = 2*r**3 - r**2 + 3*r - 4. What is b(2)?
14
Let c(n) = -n**2 + 23*n - 70. What is c(20)?
-10
Let s(o) = 4*o + 17. Give s(-11).
-27
Let s(w) = 2*w + 50. Determine s(-24).
2
Let u(l) = 3*l + 25. Determine u(-7).
4
Let a(i) = -31*i - 115. What is a(-4)?
9
Let m(u) = u**2 + 15*u + 50. Give m(-11).
6
Let o(a) = -9*a + 145. Determine o(16).
1
Let c(w) = 5*w**2 - 2*w - 1. Calculate c(-1).
6
Let t(s) = s**2 - 24*s + 98. Give t(4).
18
Let p(r) = 3*r + 15. What is p(-5)?
0
Let j(y) = -y**3 + 10*y**2 + 7*y + 22. Determine j(11).
-22
Let u(g) = -g**2 + 3*g + 9. Calculate u(9).
-45
Let z(x) = 13*x**3 + 5*x**2 - x - 2. Determine z(1).
15
Let v(p) = -3*p + 16. Give v(7).
-5
Let i(t) = -t**2 + 7*t + 11. Determine i(8).
3
Let t(p) = p**3 + 18*p**2 + 19*p + 9. What is t(-17)?
-25
Let q(h) = -h**2 + 10*h - 3. Determine q(8).
13
Let a(d) = -d**2 + 12. Determine a(-3).
3
Let d(n) = 5*n - 35. Give d(7).
0
Let r(s) = -s**3 - 7*s**2 + 5*s - 20. Calculate r(-8).
4
Let n(j) = 2*j**2 + 18*j - 16. What is n(-10)?
4
Let s(o) = -40*o + 126. What is s(3)?
6
Let t(g) = -g**2 + 10*g - 4. Calculate t(8).
12
Let u(x) = x**3 + 3*x**2 - x - 5. Calculate u(-4).
-17
Let p(a) = -a**2 - 11*a + 176. Calculate p(-20).
-4
Let g(m) = m**3 + 17*m**2 - 19*m - 4. What is g(-18)?
14
Let g(d) = 3*d**2 + 2*d - 1. Determine g(-2).
7
Let h(q) = -q + 30. Give h(-8).
38
Let k(u) = 2*u + 3. Determine k(-3).
-3
Let q(p) = p**3 + 14*p**2 + 15*p + 23. What is q(-13)?
-3
Let l(b) = -35*b - 169. What is l(-5)?
6
Let j(i) = -6*i**3 - i**2 + 2*i - 1. Calculate j(-2).
39
Let o(s) = s**3 + 8*s**2 + 2*s + 15. Calculate o(-8).
-1
Let s(w) = 10*w**2 + w - 10. Give s(-3).
77
Let j(s) = -2*s - 2. Determine j(0).
-2
Let m(q) = -21*q + 48. What is m(2)?
6
Let o(i) = -i**3 - 11*i**2 - 12*i - 21. Determine o(-10).
-1
Let w(v) = -v**3 + 2*v**2 - 7. Calculate w(0).
-7
Let h(z) = z**2 - 2*z - 2. What is h(2)?
-2
Let h(r) = -r**3 + 18*r**2 - 17*r + 6. Give h(17).
6
Let b(j) = -j**3 + 7*j**2 + 21*j - 26. Calculate b(9).
1
Let p(r) = -2*r**3 - 3*r**2 - r - 14. Give p(0).
-14
Let a(s) = -s**3 - 10*s**2 + 10*s + 2. What is a(-11)?
13
Let i(w) = -w - 12. Determine i(-7).
-5
Let l(u) = -u**2 + u + 5. Calculate l(9).
-67
Let p(v) = -v**3 + 2*v**2 + 3*v - 55. Calculate p(0).
-55
Let d(r) = r**3 - 8*r**2 + 14*r + 20. What is d(4)?
12
Let m(p) = p**2 - 14*p - 84. Give m(18).
-12
Let o(d) = 63*d + 2711. Give o(-43).
2
Let h(n) = -n**2 + 6*n + 30. What is h(11)?
-25
Let o(u) = 2*u**2 - 5*u - 3. Determine o(5).
22
Let q(a) = -a**3 - 14*a**2 - 6*a + 67. Calculate q(-13).
-24
Let q(j) = 28*j + 412. Calculate q(-15).
-8
Let d(a) = -3*a + 3. What is d(-3)?
12
Let k(h) = -h**3 + 23*h**2 - 3*h + 29. Determine k(23).
-40
Let s(a) = -a**2 - a + 5. Determine s(-6).
-25
Let l(m) = -m**3 + 5*m**2 + 2. Calculate l(4).
18
Let m(c) = 10*c - 40. Calculate m(4).
0
Let g(m) = -2*m - 18. Calculate g(-9).
0
Let w(v) = -3*v + 33. Determine w(10).
3
Let a(p) = 76*p - 676. Calculate a(9).
8
Let d(z) = -2*z**2 + 3*z + 3. Calculate d(2).
1
Let y(l) = l**2 + 2*l + 3. What is y(-3)?
6
Let o(b) = -b**2 + 20*b - 59. What is o(16)?
5
Let v(f) = 23*f - 24. What is v(8)?
160
Let q(u) = 5*u**2 - 29*u + 28. Determine q(1).
4
Let u(o) = -o**2 - 17*o + 3. Give u(-18).
-15
Let u(j) = 18*j + 77. Determine u(-4).
5
Let h(y) = y**2 - 61*y - 265. Determine h(-4).
-5
Let z(f) = f - 56. Give z(17).
-39
Let o(n) = -n**3 + 21*n**2 - 29*n + 185. Determine o(20).
5
Let u(s) = s + 10. Give u(-6).
4
Let b(k) = 6*k - 37. Give b(5).
-7
Let h(d) = -d**2 + 11*d - 26. Give h(7).
2
Let w(c) = -c**2 - 7*c - 15. Calculate w(-5).
-5
Let o(v) = v**3 - 2*v**2 + 5*v - 6. Calculate o(4).
46
Let i(k) = 3*k - 29. Calculate i(10).
1
Let u(k) = 46*k - 879. Give u(19).
-5
Let l(k) = 10*k + 49. What is l(-14)?
-91
Let o(m) = -m**3 - 18*m**2 - 47*m - 22. What is o(-15)?
8
Let o(n) = -n**2 - 9*n - 5. Calculate o(-6).
13
Let y(d) = d**2 - 2*d + 1. Determine y(5).
16
Let v(j) = 14*j + 4. Determine v(1).
18
Let u(z) = -z**3 - 4*z**2. Determine u(-4).
0
Let d(l) = -13*l - 1. Give d(1).
-14
Let i(u) = -u**3 - 10*u**2 - 9*u + 31. Determine i(-7).
-53
Let n(x) = -x**3 + 2*x**2 + 4*x - 40. Give n(0).
-40
Let s(i) = i**3 + 5*i**2 - 4*i + 1. Give s(-6).
-11
Let f(j) = 10*j + 10. Give f(-1).
0
Let s(f) = -f**3 + 13*f**2 - 11*f - 7. What is s(12)?
5
Let s(x) = x + 5. What is s(4)?
9
Let h(q) = -q**3 - 10*q**2 - 10*q + 9. What is h(-9)?
18
Let g(n) = n**2 - 45*n + 113. Calculate g(42).
-13
Let j(v) = v**3 - 2*v**2 - 3*v - 6. Determine j(3).
-6
Let c(s) = -6*s + 63. Determine c(19).
-51
Let n(z) = 45*z. Give n(-4).
-180
Let l(n) = n**3 + 22*n**2 - 2*n - 49. Determine l(-22).
-5
Let m(o) = -o**2 - 33*o - 175. What is m(-26)?
7
Let x(b) = 83*b + 916. Calculate x(-11).
3
Let x(m) = -m**3 - 9*m**2 - 9*m + 6. Give x(-8).
14
Let k(y) = -9*y - 5. Calculate k(-4).
31
Let k(r) = r**3 + 5*r**2 + 13. Calculate k(-6).
-23
Let g(m) = -2*m + 15. What is g(12)?
-9
Let g(f) = 4*f + 3. Determine g(1).
7
Let w(k) = 3*k**2 + 20*k + 63. Give w(-4).
31
Let f(c) = c**3 + 23*c**2 + 126*